n b is divided by (-68)/(-10) + (-2)/(-10).
6
Let h(o) be the second derivative of o**3/3 - 5*o**2 + o. Calculate the remainder when 60 is divided by h(13).
12
Let x(p) = -3*p**2 + 7*p**2 + 6*p**2. Suppose 7*n - 2*n - 92 = 2*l, 0 = 2*l + 2. What is the remainder when n is divided by x(-1)?
8
Let f = -64 + 89. What is the remainder when f is divided by 10?
5
Let j(a) be the third derivative of -7*a**6/40 + a**5/30 - a**3/6 - 10*a**2. What is the remainder when 42 is divided by j(-1)?
20
Let u = 40 + -23. What is the remainder when u is divided by 7?
3
Suppose 5*f = 124 - 14. What is the remainder when 85 is divided by f?
19
Let g(s) = -s**2 + 9*s + 16. What is the remainder when g(10) is divided by 2?
0
Let y(f) = f**3 - 3*f**2 + 2*f + 2. Let o be y(2). Suppose -5*b - o*r = -15, 2*b - 5*r = 19 + 16. What is the remainder when 8 is divided by b?
3
Suppose -10 = 4*r - 2*r, -2*c + 2*r + 40 = 0. Calculate the remainder when c is divided by 3.
0
Let l(u) = -2*u**2 + 20*u + 14. What is the remainder when l(6) is divided by 23?
16
Let s = -11 - -18. Let p(d) = -d**3 + 7*d**2 + 2*d - 8. What is the remainder when p(s) is divided by 3 + 2 + -3 + 2?
2
Let m be (-36)/(-15) - (-2)/(-5). Suppose 4*x - 24 = 2*x. Suppose -w + x = m*w. Calculate the remainder when 10 is divided by w.
2
Suppose 0 = -3*w - 3*t - 15, 5*w + 3*t = t - 34. Let j = w - -71. What is the remainder when j is divided by 13?
11
Let w(v) = v**2 - 6*v - 8. Let m be w(7). Calculate the remainder when 57 is divided by (-1 + 18 - m) + -3.
12
Let f = 103 - 2. Calculate the remainder when f is divided by 35.
31
Let c = -12 + 32. Suppose 0 = a + a + 3*s - 155, -4*a - 2*s = -314. Let k = a - 40. Calculate the remainder when k is divided by c.
19
Calculate the remainder when (-2)/1 - (-11)/(11/30) is divided by 10.
8
Suppose 38*r - 88 = 37*r. What is the remainder when r is divided by 24?
16
Suppose 19*j + 72 = 20*j. What is the remainder when j is divided by 22?
6
Suppose -3*g = -3*b - 120, 25 = g + 5*b - b. Calculate the remainder when g is divided by 10.
7
Let z(u) = -10*u - 2. Suppose -5*k + 60 = -k. Calculate the remainder when z(-3) is divided by k.
13
Suppose -3*w - 8 = -2*i + 3, 0 = -2*w + 2*i - 10. What is the remainder when 5*(1/w + 2) is divided by 3?
2
Suppose 3*i + 36 = -0. Let b = -1 - i. Calculate the remainder when 18 is divided by b.
7
Calculate the remainder when 6 is divided by (2 - 0)*(5 + -4).
0
Suppose 10 = 3*z + 1. Suppose 2 + 13 = z*p. What is the remainder when p is divided by 3?
2
Let l = 54 + -17. What is the remainder when l is divided by (-2)/(-3 - 74/(-26))?
11
Suppose 0 = -5*u + u + 92. What is the remainder when u is divided by 13?
10
Let j be 130/14 - (-10)/(-35). Let y be j - 6 - 4*1. What is the remainder when 38 is divided by 20/(y/(1/(-2)))?
8
Suppose -6 = -f - 2*f. Suppose n - 7 = -f. Let p = 5 + -2. What is the remainder when n is divided by p?
2
Let d = 23 + 72. What is the remainder when d is divided by 32?
31
Suppose -102 - 149 = -m. Suppose 16 = -5*r + m. Let y(n) = 5*n**2 - 3*n + 2. What is the remainder when r is divided by y(2)?
15
Suppose -p + 9 + 3 = 0. Let x = 9 + 10. Suppose 49 = l + 5*o, 92 + x = 3*l + 3*o. What is the remainder when l is divided by p?
10
Let j(d) = 17*d**2 + d - 1. Let s = -13 - -14. Calculate the remainder when (-148)/(-3) + (-4)/(-6) is divided by j(s).
16
Suppose -z + 85 = -0*z. Let l = 125 - z. Calculate the remainder when l is divided by 14.
12
Suppose -3*t - 5*z + 17 = -z, 5*z = 10. What is the remainder when 41 is divided by 20 + (15/t - 3)?
19
Let r = 119 + -65. Calculate the remainder when r is divided by 14.
12
Calculate the remainder when 54 is divided by -10*((-45)/(-10) + -6).
9
Suppose 2*b - 9 = -b. Suppose 0 = -a - 2*a + 45. Let g = a + -13. What is the remainder when b is divided by g?
1
Let l = -27 - -106. What is the remainder when (0 + l)/(3 + -2) is divided by 27?
25
Suppose -2*q - 2*s + 52 = 0, -4*q + 57 + 38 = s. What is the remainder when 43 is divided by q - (12/(-4) - -4)?
21
Suppose 9 = -0*b + 2*b - f, -4*b + f = -17. Suppose b*v - 4*j = 76, 2*v + j + 4*j - 3 = 0. Calculate the remainder when v is divided by 8.
6
Let k be (4 + -3 + 1)*32. Let p = -21 + k. Let w = p - 29. What is the remainder when 41 is divided by w?
13
Let h(c) = -c + 44. What is the remainder when h(27) is divided by 3?
2
Let z = 16 + -9. Let v = 13 - 9. Calculate the remainder when z is divided by v.
3
Calculate the remainder when ((-528)/(-20))/(1/5) is divided by 45.
42
Let x = -7 - -4. What is the remainder when 6 is divided by 2/1 + 4 + x?
0
Suppose 5*t - 204 = 166. Suppose 5*s = 6*s - 19. What is the remainder when t is divided by s?
17
Suppose -152 = -4*p + 3*a, 0*a = a. Calculate the remainder when 150 is divided by p.
36
Let t(n) = -n**3 - n**2 - 2*n - 1. Let y(q) = -q - 11. Let v be y(-8). What is the remainder when t(v) is divided by 13?
10
Suppose 5*c - 22 = -2*s, 2*s - 48 = 2*c + 2. Suppose -42 - 6 = -4*i. Calculate the remainder when s is divided by i.
9
Let f(m) = 3*m**2 - 2*m + 1. Let z be f(-2). Suppose 0 = -l + z + 6. Calculate the remainder when l is divided by 13.
10
Let k = 47 + 15. Calculate the remainder when k is divided by (21/4)/(2/8).
20
Suppose 5*o + 2*b + 18 = 9*o, 2*b - 36 = -5*o. Calculate the remainder when 35 is divided by o.
5
Suppose 13*k - 74 = 212. Calculate the remainder when k is divided by 6.
4
Let d(l) be the second derivative of l**3/6 + 7*l**2/2 - 3*l. What is the remainder when d(0) is divided by 4?
3
Let p(h) = 2*h + 5. Let m be -5*(0 + 2 + -3). What is the remainder when 57 is divided by p(m)?
12
Let v = 66 + -54. What is the remainder when 20 is divided by v?
8
Let o(h) = -8*h - 7. Suppose 30 = w - 6*w. What is the remainder when o(w) is divided by 14?
13
What is the remainder when 63 - (0 + 2 + 1) is divided by 16?
12
Let l(c) be the third derivative of 5*c**4/24 - c**3/3 - 5*c**2. Calculate the remainder when 35 is divided by l(3).
9
Let s = 2 + 2. Suppose 3*h = s*h. Suppose 5*q = -h + 55. What is the remainder when 31 is divided by q?
9
Suppose 2*o = -2*q + 14, -7 + 25 = 4*o - q. Calculate the remainder when 20 is divided by o.
0
Let o be (2 - -1)*12/18. Suppose -f + 67 = n, o*f - 4*n = 59 + 57. What is the remainder when f is divided by 13?
12
Suppose -3*m + 7*m - 24 = 0. Calculate the remainder when 2/m - (-250)/15 is divided by 6.
5
Let w(y) = -2*y + 52. Let i(f) = 11*f**2 + f - 1. What is the remainder when i(1) is divided by w(24)?
3
Let p = 16 - 10. Let u = -1 - -12. What is the remainder when u is divided by p?
5
Suppose -s = -80 + 45. Calculate the remainder when 101 is divided by s.
31
Let z(a) be the second derivative of a**4/2 + a**2/2 + a. Let o(h) = h**3 - 5*h**2 + 7*h - 16. Calculate the remainder when o(5) is divided by z(1).
5
Let x = 65 + -22. What is the remainder when x is divided by 23?
20
Let x = 57 + -14. Suppose -5*a + 103 = 2*z + 22, 84 = 5*a + 3*z. What is the remainder when x is divided by a?
13
Let o(b) = -3*b - 1. Calculate the remainder when o(-7) is divided by 6.
2
Let z = -28 + 91. What is the remainder when z is divided by 18?
9
Suppose 0 = -3*m - 3*q + 54, 2*q + 40 = -m + 3*m. Let n = 0 + m. What is the remainder when -6*(-2)/8*-2 - -59 is divided by n?
18
Let g = -21 - -22. Suppose -s + 4*s = 12. Calculate the remainder when (13/(-4) + g)*-4 is divided by s.
1
Let s(z) = 39*z - 4. Calculate the remainder when 135 is divided by s(1).
30
Let q = 159 - 100. Calculate the remainder when q is divided by 12.
11
Suppose 3*t - 4*t + 24 = 0. Suppose -2*x + 5 = -21. Calculate the remainder when t is divided by x.
11
Let m = 120 + -66. Calculate the remainder when m is divided by 28.
26
Let f(m) = -m**3 + 7*m**2 - 5*m + 7. Let h be f(6). Suppose 2*c - h - 19 = -z, -c + 16 = -2*z. Calculate the remainder when c is divided by 9.
7
Let u(l) = -4*l - 8. Suppose r = 3*r + 2*t - 6, -2*r + 5*t = -20. Suppose -4*y = 3*n + 8 + 1, 3*n - 45 = r*y. What is the remainder when u(y) is divided by 9?
7
Suppose 5*i - 62 - 43 = 3*g, -105 = -5*i - 3*g. Let j = 67 - i. Calculate the remainder when j is divided by 12.
10
Let i = -2 + 4. Suppose -i*g - 2*t = 3*g - 35, -3*g - 4*t + 35 = 0. Calculate the remainder when g is divided by 3.
2
Let i be ((-2)/4)/(1/(-24)). Suppose i = y -